3?
-a091
In base 5, what is 11303 - 43142?
-31334
In base 14, what is -c - -60d393?
60d385
In base 9, what is -16715 + -15882?
-33707
In base 3, what is -12112120021 + -1211210?
-12121102001
In base 12, what is -730831 - -39?
-7307b4
In base 9, what is 0 + -237317771?
-237317771
In base 6, what is 3232020441 + 5?
3232020450
In base 6, what is -1034250 + 12551?
-1021255
In base 7, what is 235 + 13643511?
13644046
In base 3, what is -10 + 10220022112221?
10220022112211
In base 13, what is -c + -897506?
-897515
In base 3, what is -1011120002 - 210?
-1011120212
In base 4, what is 110033010 - 2313?
110030031
In base 13, what is 37410 + a1?
374b1
In base 14, what is 34bb72 - d?
34bb63
In base 7, what is -24063 + -6144?
-33240
In base 7, what is -1421444 + 106?
-1421335
In base 15, what is 5a - -10b61?
10bbb
In base 13, what is 163960 - 7?
163956
In base 12, what is 5aa - 65874?
-65286
In base 9, what is 4573 + -76?
4486
In base 10, what is -5021067 - -4?
-5021063
In base 4, what is 232 + -113220131232?
-113220131000
In base 12, what is 1 - 860206?
-860205
In base 3, what is 1120221220210 + -1212?
1120221211221
In base 16, what is ce4 + -1d85?
-10a1
In base 12, what is -16aa2 - -7186?
-b918
In base 11, what is 1423775 - 18?
1423758
In base 11, what is -76186 + -6?
-76191
In base 5, what is 3 - -1140240121?
1140240124
In base 16, what is 4 + 1dec0f?
1dec13
In base 10, what is -9528271 - -14?
-9528257
In base 16, what is 291511 - 49?
2914c8
In base 14, what is 9 + 66615a?
666165
In base 10, what is -84765 + -1508?
-86273
In base 2, what is -10100011001110 + 1000110100?
-10011010011010
In base 15, what is 40dcc72 - 3?
40dcc6e
In base 3, what is 20 + -1120210100020222?
-1120210100020202
In base 14, what is -1ab61b + -42c?
-1aba49
In base 7, what is -364032 - -16?
-364013
In base 12, what is 1190b0 + -16?
119096
In base 4, what is 22 + -1322002202302?
-1322002202220
In base 15, what is ed1 - 26a5?
-16c4
In base 11, what is 74923 - 28?
748a6
In base 4, what is 3303 - 1103032?
-1033123
In base 2, what is -110 + 100110001010010000101100?
100110001010010000100110
In base 5, what is 10411 - -1110322?
1121233
In base 6, what is -151431 + 31231?
-120200
In base 4, what is -11321221201 - 3?
-11321221210
In base 14, what is 3cb - 3a751?
-3a364
In base 7, what is -403 - 1206211?
-1206614
In base 12, what is -49 - -7813a?
780b1
In base 10, what is 3 + -48271030?
-48271027
In base 4, what is 103 - 21311002203?
-21311002100
In base 6, what is -103424 + -53552?
-201420
In base 3, what is -120010121120 + 22120?
-120010022000
In base 13, what is 8c5 + -2589?
-1994
In base 7, what is -3045036 - -3?
-3045033
In base 4, what is -2101312331 + 222320?
-2101030011
In base 2, what is 1110101000001001100000110 + 101?
1110101000001001100001011
In base 9, what is -770558347 + -4?
-770558352
In base 10, what is 0 + 290926?
290926
In base 3, what is -1102122102012212210 - 12?
-1102122102012212222
In base 8, what is 310 - 20420472?
-20420162
In base 5, what is -34124221 + 131?
-34124040
In base 16, what is f9512 + -38?
f94da
In base 10, what is 7878 + -409?
7469
In base 8, what is -3 - 11376141?
-11376144
In base 14, what is -8511 + -a38?
-9149
In base 7, what is 21 + -43333325?
-43333304
In base 3, what is 1222211101001122112 - -12?
1222211101001122201
In base 14, what is 1 - 495b0?
-495ad
In base 6, what is -101331 + -201542?
-303313
In base 12, what is 406640b - -1?
4066410
In base 12, what is -1 - -57bb1546?
57bb1545
In base 7, what is -4 - 412365?
-412402
In base 8, what is 10662320 - -127?
10662447
In base 12, what is -461791300 - -5?
-4617912b7
In base 16, what is 5d6 + -c397?
-bdc1
In base 3, what is -1112120212 - -2112112?
-1110001100
In base 2, what is -10000101000110111100 - 1011110100?
-10000101010010110000
In base 7, what is 345 + -13642?
-13264
In base 11, what is 326a05a3 - 1?
326a05a2
In base 15, what is -3 - -1d7734?
1d7731
In base 5, what is 34011 - 1024310?
-440244
In base 16, what is 5f6d76a + 1?
5f6d76b
In base 15, what is 8eee - 23?
8ecb
In base 11, what is 5 + 115196?
1151a0
In base 9, what is 43418608 + -3?
43418605
In base 5, what is -3103 + 10013110?
10010002
In base 4, what is 10003131112112 + -10?
10003131112102
In base 14, what is -7b7763a - -9?
-7b77631
In base 6, what is -532521 + 22105?
-510412
In base 4, what is -310 + -11220013112?
-11220020022
In base 14, what is -115 + -174dbd?
-1750d4
In base 7, what is -24560 + 132016?
104126
In base 11, what is -1674 - -2a7308?
2a5744
In base 12, what is 51 - 456323a?
-45631a9
In base 14, what is -5b + b6c619?
b6c59c
In base 3, what is 111212 - -201201201002?
201202012221
In base 11, what is -211 - 159844?
-159a55
In base 6, what is -2 - 1442404314?
-1442404320
In base 13, what is -265 - -465bb?
46356
In base 16, what is -2 + 2004d?
2004b
In base 15, what is 15 - d6e5c5?
-d6e5b0
In base 13, what is -16a2393a + -1?
-16a2393b
In base 6, what is -301315 - 220?
-301535
In base 13, what is 6329 + -599?
5a60
In base 3, what is -2 + -221200112221002?
-221200112221011
In base 7, what is -54 - -134520?
134433
In base 11, what is 58892a + -118?
588812
In base 2, what is -10000 + -1111110000100000011?
-1111110000100010011
In base 10, what is 28 - 786297?
-786269
In base 4, what is 3 + -200322032302?
-200322032233
In base 7, what is -252 - 122153?
-122435
In base 7, what is 26063243 - -11?
26063254
In base 9, what is -222468214 - -3?
-222468211
In base 11, what is 3 - -2133077?
213307a
In base 14, what is -116 - 502a1?
-503b7
In base 14, what is -410 - -20010?
1da00
In base 5, what is 13223 - -23311110?
23324333
In base 11, what is -8 + 16685806?
166857a9
In base 10, what is 0 - -2005807?
2005807
In base 7, what is 22 + 5403206?
5403231
In base 6, what is 31555 + 205543?
241542
In base 12, what is -42 - 90aa95?
-90ab17
In base 9, what is 0 + -12885625?
-12885625
In base 3, what is -21110011102 + 22000?
-21102212102
In base 16, what is 6 + 480b8?
480be
In base 3, what is 221211110110121 - 2?
221211110110112
In base 11, what is 17253 + 5a2?
17845
In base 15, what is -1c + -5cc151c?
-5cc1539
In base 15, what is -37009 + 257?
-36ca2
In base 10, what is 132 - 3035875?
-3035743
In base 14, what is 665ab2 + 3?
665ab5
In base 10, what is -60597550 + 15?
-60597535
In base 12, what is -21b + 5ba0?
5981
In base 6, what is 33322 + 20314?
54040
In base 9, what is -22046 - -12650?
-8286
In base 10, what is 1445572 + 23?
1445595
In base 13, what is 30 + -3c8003?
-3c7ca3
In base 14, what is -13a0 - -aa3?
-6db
In base 13, what is c0395a + 0?
c0395a
In base 16, what is -1bda + -1523?
-30fd
In base 6, what is 4124 + -153522?
-145354
In base 4, what is -131 + -23031100303?
-23031101100
In base 6, what is -204011235 + -14?
-204011253
In base 8, what is 45566 + -1736?
43630
In base 6, what is 110 + 3203443?
3203553
In base 5, what is 1442201243 + 2132?
1442203430
In base 15, what is -2 - 16dea727?
-16dea729
In base 12, what is 5 + -71b9568?
-71b9563
In base 3, what is -120001020 + -102220121?
-222221211
In base 5, what is -3 + 220332300012?
220332300004
In base 12, what is 2 + 1a16763a?
1a167640
In base 13, what is 4a + 1c418?
1c465
In base 8, what is -4723 - -127757?
123034
In base 9, what is -724781 + 44?
-724736
In base 16, what is -2 + -364546?
-364548
In base 9, what is 6 - 62734667?
-62734661
In base 12, what is 5754 + 410?
5b64
In base 4, what is -32122 + -2203130?
-2301312
In base 11, what is 155753 - 80?
155683
In base 15, what is -17d + -215b?
-22d9
In base 3, what is 1112202221 + 12120022?
1202100020
In base 4, what is 3110121311332 - -3?
3110121312001
In base 2, what is -11000100101101001100111 + 1110101?
-11000100101100111110010
In base 9, what is 4 - -143357613?
143357617
In base 3, what is 10 + -1002000202202120?
-1002000202202110
In base 6, what is -310205330 + -40?
-310205410
In base 12, what is 15b1135 - 3?
15b1132
In base 3, what is 1101 - 110012201112?
-110012200011
In base 11, what is a5576a8 - 2?
a5576a6
In base 3, what is 121210220121 - 2102000?
121201111121
In base 12, what is 90b + 63053?
63962
In base 14, what is 81c4a6 - -13?
81c4b9
In base 12, what is 64597 - -75?
64650
In base 5, what is 2 - 3110220412?
-3110220410
In base 6, what is -340221101 - 2?
-340221103
In base 3, what is -121 - 11001000111100?
-110010001